Suppose -c = -3*f + 6. Suppose -7*w = -f*w - 60. What is the greatest common factor of 40 and w?
20
Suppose 2*m - 27 = -5*z + 18, -2*z - m + 19 = 0. Let b(g) = -g**2 + 7*g + 3. Let f be b(z). Calculate the highest common factor of f and 3.
3
Suppose 3*w - 2*v + 7 = 83, 24 = w - 2*v. Suppose 21*z + 1560 = 61*z. What is the greatest common divisor of z and w?
13
Let i be 2/(-4) + (-12)/(-8). Let g be (-3)/(i - (4 - 2)). Calculate the greatest common divisor of 15 and g.
3
Let v be 2 + (-1 - (1 - 2)). Suppose -v + 8 = 2*z - r, -4*r = -8. Suppose 5*g - 116 = -3*k, 0*g = -k + 4*g + 16. Calculate the highest common factor of k and z.
4
Suppose 0 = -3*o + 4*o + 31. Let z = 43 + o. Calculate the greatest common divisor of 108 and z.
12
Let x(o) = -o - 4. Let m be x(-8). Let z be 7/(-28) + 73/m. What is the highest common divisor of 9 and z?
9
Let h(x) = -x + 14. Let z be h(11). Let r = z - 0. Calculate the greatest common factor of r and 24.
3
Let y be (3/(3/(-4)))/((-8)/204). Calculate the greatest common divisor of y and 34.
34
Let s = 56 - 40. Let q = -10 + 18. Calculate the highest common factor of s and q.
8
Let c(g) = -2*g. Let y be c(-1). Let t be (-4 + 44)/(1/y). Calculate the highest common factor of 10 and t.
10
Let z be (-2 + 0)*(-5)/2. Suppose -27 + 7 = z*g. Let b be g/14 - 37/(-7). What is the greatest common divisor of b and 5?
5
Suppose 0 = 210*n - 219*n + 99. Let x be -176*-1*(-2)/(-4). Calculate the greatest common factor of n and x.
11
Let u = 4 + 32. Suppose v - 74 = 4*l + u, -5*v + 440 = 2*l. Let d be ((-15)/(-1))/(4 - 3). What is the greatest common factor of d and v?
15
Let p = 4 - 0. What is the greatest common divisor of p and 20?
4
Let q be (-42)/(-8) + (-1)/4. Let b(i) = i**3 - 5*i**2 + 7*i - 4. Let k be b(q). Let c = -11 + k. Calculate the greatest common factor of 8 and c.
4
Let f be 2/(-2) - (-96)/16. What is the greatest common factor of f and 45?
5
Suppose 0 = -u + 2 - 0. Suppose -7 = u*r + 3. Let m be (-1)/r - 72/(-15). Calculate the greatest common factor of m and 1.
1
Suppose -250 = 5*f + 595. Let k = -89 - f. What is the greatest common divisor of k and 16?
16
Let p be 9/6*(1 - -1). Suppose -20 = -p*v - 2*v. Suppose -2*k - 40 = -6*k. What is the highest common divisor of k and v?
2
Let s = 1 - 4. Let y be (-76)/s + 8/12. Let r = y + -15. What is the greatest common divisor of 55 and r?
11
Suppose -5*r + 23 = -17. Let h be 3/12 - (-94)/r. What is the highest common divisor of 18 and h?
6
Suppose -1186 + 3166 = 4*r. Suppose -y = -6*y + r. Suppose -2*b - b = -y. Calculate the highest common divisor of b and 22.
11
Let o = -19 - -36. What is the highest common factor of 17 and o?
17
Suppose -5*m + 100 = 5*t, 5*m = -t + 6 + 86. Let c be 83/9 + (-4)/m. Calculate the highest common factor of c and 72.
9
Suppose -k - 50 = -5*p - 4*k, p = 3*k - 8. Calculate the highest common factor of p and 7.
7
Let c(g) = g**3 - 8*g**2 + 7*g + 4. Let j be c(7). Let r be ((-2)/j)/((-5)/(-90)). Let o be (-1)/(-3) - 105/r. What is the highest common divisor of o and 8?
4
Let d be 10815/91 - (-2)/13. What is the greatest common divisor of d and 7?
7
Let w = -8 - -42. Suppose 28 = 2*k + 3*c, -4*c - 57 = -5*k + 36. Calculate the greatest common factor of k and w.
17
Let j(c) = 3*c + 3. Let v be j(7). What is the greatest common divisor of 36 and v?
12
Let m(y) = y + 4. Let s be m(3). Suppose -51 = -4*d + 49. Suppose d = 5*l - 5*v, v + 3*v - 15 = -l. Calculate the greatest common divisor of s and l.
7
Let l be (8/12*-15)/(-2). Calculate the greatest common divisor of 20 and l.
5
Let x = 293 + -189. Suppose 76 + x = 2*n. Calculate the highest common divisor of n and 36.
18
Suppose -b + 860 = 3*z, 2*z + 0*z - 578 = 4*b. What is the greatest common divisor of z and 41?
41
Let d be (-10)/3 + (-6)/9. Let t be -76 + (-3)/(-1 - d). Let f = -37 - t. Calculate the greatest common factor of f and 10.
10
Suppose 0 = 5*v + a + 426 - 1698, -3*v - 4*a = -753. What is the greatest common divisor of v and 15?
15
Let w be 3/(-12) + (-241)/(-4). Let x = -9 - -14. Suppose k + w = x*k. Calculate the highest common factor of 5 and k.
5
Suppose -18 = -5*k + 2. Suppose -i = k*i. Suppose i*o + 108 = 3*o. What is the greatest common divisor of 90 and o?
18
Let h be ((-6)/(-5))/((-3)/(-45)). Let n(v) = v**2 + 15*v - 22. Let x be n(-17). Calculate the highest common factor of h and x.
6
Let r(v) = v**2 + 4. Let c be r(6). Suppose 4*b - 2*b = 3*z - 182, 3*z - 5*b = 185. What is the highest common divisor of z and c?
20
Suppose 3*s - 4*s + 16 = 0. What is the greatest common factor of s and 16?
16
Let w = -25 + 51. What is the highest common factor of 234 and w?
26
Suppose 3*b - x = 14, -4*b + 8*b - x = 20. What is the greatest common divisor of 60 and b?
6
Suppose -3*z - 7 = -10. Calculate the greatest common factor of 9 and z.
1
Let p(b) be the third derivative of b**4/8 - 7*b**3/3 - 2*b**2. Let t be p(10). Calculate the greatest common factor of t and 32.
16
Let l(w) = -w**2 + 32*w - 23. Let h be l(31). What is the greatest common divisor of 20 and h?
4
Let n = 165 - 105. Calculate the greatest common factor of n and 20.
20
Let o be 4/(-10) + (-37)/(-5). Let u(v) = -7 - 6 - 6*v**2 - v**3 + 15 + 11*v. Let f be u(-8). Calculate the highest common factor of f and o.
7
Let o(i) = -i**3 + 7*i**2 - 6*i - 2. Let g be o(6). Let k be 1 - (84/g)/3. Calculate the greatest common factor of k and 135.
15
Suppose -96 - 12 = -4*h. Suppose 2*r - 16 = 2. Calculate the highest common factor of r and h.
9
Suppose -12 = 3*y - 162. Let x = 54 + -35. Suppose -2*z = -21 - x. What is the greatest common divisor of z and y?
10
Let q be 0 - -15 - (16 - 15). Calculate the highest common divisor of 7 and q.
7
Let q(c) = -2*c**2 - 20*c - 21. Let d be q(-8). Calculate the greatest common divisor of 154 and d.
11
Let n(u) = u**2 - 6*u + 9. Let b be n(6). Suppose -f - 2*w = -75, -w = 3*w - 16. Let c = f - 22. Calculate the highest common factor of b and c.
9
Let l = -68 + 79. What is the greatest common divisor of l and 11?
11
Suppose 5*j - 15 + 0 = 0. Let l = j - -3. Calculate the greatest common divisor of 48 and l.
6
Let n = 24 - 23. What is the highest common factor of 7 and n?
1
Let p = -38 + 63. What is the highest common divisor of p and 100?
25
Let u(p) = -4*p + 4. Let k be (-1 + 3)*40/(-16). Let f be u(k). What is the greatest common factor of f and 16?
8
Let d(s) = s**3 - 3*s**2 + 5*s + 4. Let p be d(4). Let x = p + -24. Calculate the highest common divisor of x and 64.
16
Let d(y) = -y**3 - y**2 - 13. Let f be d(0). Let x = -12 - f. Calculate the greatest common factor of 8 and x.
1
Let d = -14 + 36. Let q = -2 + d. What is the greatest common divisor of q and 50?
10
Suppose l + 0*l - 3*g = 12, 2*l = -g + 3. Suppose 0 = -p + 5 - l. What is the highest common divisor of 14 and p?
2
Suppose 4*r - 4*t = 2*r + 76, 113 = 4*r + 5*t. Suppose f - 22 = 46. Suppose -3*o - 4*p = 24 - f, -3*p + 55 = 5*o. What is the greatest common factor of r and o?
8
Let l be -1*2 + 1 - -3. Let y(i) = -21*i + 136. Let o be y(6). Calculate the highest common divisor of o and l.
2
Let v(h) = h + 2*h**2 + 8 - h**2 + 0. Let c be 0 - (-2)/(-4)*0. Let l be v(c). What is the greatest common divisor of 88 and l?
8
Suppose -3*y + 15 = -2*f, 0 = 2*y - 3*f - f - 18. Suppose -488 = -5*h - y*a + 60, -3*a - 236 = -2*h. Calculate the highest common divisor of 16 and h.
16
Let c be (-6)/(-3) + -2 - 1. Let b = c - -19. Calculate the highest common divisor of b and 18.
18
Suppose -16 = -g + 40. Suppose -c = 16 - 54. Let o = g - c. What is the greatest common factor of 54 and o?
18
Let p = 49 + -21. Suppose -132 - p = -4*y. What is the highest common factor of 10 and y?
10
Let k = 24 + -20. What is the greatest common factor of 4 and k?
4
Suppose t = 3*t - 2. What is the greatest common factor of 1 and t?
1
Let q = -14 - -33. Suppose 0 = -f - 3*f + 76. What is the greatest common divisor of f and q?
19
Let u be 17 - (-10)/5*2. Suppose 5*d - 756 = d. What is the highest common divisor of d and u?
21
Let y(v) = 16*v - 7. Let g(d) = -48*d + 20. Let c(m) = -3*g(m) - 8*y(m). Let x be c(3). Let h = -2 - -13. Calculate the greatest common factor of x and h.
11
Let n(o) = o + 2. Let a be n(6). Let u = -6 + a. Suppose -d - 13 = -u*d. What is 